{"id":888,"date":"2021-07-12T10:34:21","date_gmt":"2021-07-12T01:34:21","guid":{"rendered":"https:\/\/chihiro.blog\/?page_id=888"},"modified":"2022-02-03T11:51:22","modified_gmt":"2022-02-03T02:51:22","slug":"contact","status":"publish","type":"page","link":"https:\/\/chihiro.blog\/?page_id=888","title":{"rendered":"Contact"},"content":{"rendered":"\n<p>\u304a\u554f\u3044\u5408\u308f\u305b\u306f\u3053\u3061\u3089\u306e\u30d5\u30a9\u30fc\u30e0\u3088\u308a\u53d7\u3051\u4ed8\u3051\u3066\u304a\u308a\u307e\u3059\u3002<\/p>\n\n\n\n<p>\u304a\u6c17\u8efd\u306b\u3054\u9023\u7d61\u304f\u3060\u3055\u3044\u3002<\/p>\n\n\n<div class=\"wpcf7 no-js\" id=\"wpcf7-f886-o1\" lang=\"ja\" dir=\"ltr\" data-wpcf7-id=\"886\">\n<div class=\"screen-reader-response\">\n<p role=\"status\" aria-live=\"polite\" aria-atomic=\"true\">\n<ul><\/ul>\n<\/div>\n<form action=\"\/index.php?rest_route=%2Fwp%2Fv2%2Fpages%2F888#wpcf7-f886-o1\" method=\"post\" class=\"wpcf7-form init\" aria-label=\"\u30b3\u30f3\u30bf\u30af\u30c8\u30d5\u30a9\u30fc\u30e0\" novalidate=\"novalidate\" data-status=\"init\">\n<div style=\"display: none;\">\n<input type=\"hidden\" name=\"_wpcf7\" value=\"886\" \/><br \/>\n<input type=\"hidden\" name=\"_wpcf7_version\" value=\"6.0.6\" \/><br \/>\n<input type=\"hidden\" name=\"_wpcf7_locale\" value=\"ja\" \/><br \/>\n<input type=\"hidden\" name=\"_wpcf7_unit_tag\" value=\"wpcf7-f886-o1\" \/><br \/>\n<input type=\"hidden\" name=\"_wpcf7_container_post\" value=\"0\" \/><br \/>\n<input type=\"hidden\" name=\"_wpcf7_posted_data_hash\" value=\"\" \/><br \/>\n<input type=\"hidden\" name=\"_wpcf7_recaptcha_response\" value=\"\" \/>\n<\/div>\n<table class=\"cf7_table\">\n<tr>\n<th>\n<p><span class=\"cf7_req\">\u5fc5\u9808<\/span>\u4f1a\u793e\u540d\n\t\t\t<\/p>\n<\/th>\n<td>\n<p><span class=\"wpcf7-form-control-wrap\" data-name=\"your-name\"><input size=\"40\" maxlength=\"400\" class=\"wpcf7-form-control wpcf7-text wpcf7-validates-as-required\" aria-required=\"true\" aria-invalid=\"false\" placeholder=\"\u4f8b\uff1a\u682a\u5f0f\u4f1a\u793e\u25cb\u25cb\u25cb\u25cb\" value=\"\" type=\"text\" name=\"your-name\" \/><\/span>\n\t\t\t<\/p>\n<\/td>\n<\/tr>\n<th>\n<p><span class=\"cf7_req\">\u5fc5\u9808<\/span>\u6c0f\u540d\n\t\t<\/p>\n<\/th>\n<td>\n<p><span class=\"wpcf7-form-control-wrap\" data-name=\"your-name\"><input size=\"40\" maxlength=\"400\" class=\"wpcf7-form-control wpcf7-text wpcf7-validates-as-required\" aria-required=\"true\" aria-invalid=\"false\" placeholder=\"\u4f8b\uff1a\u79e6 \u5343\u5c0b\" value=\"\" type=\"text\" name=\"your-name\" \/><\/span>\n\t\t<\/p>\n<\/td>\n<tr>\n<th>\n<p><span class=\"cf7_req\">\u5fc5\u9808<\/span> \u30e1\u30fc\u30eb\u30a2\u30c9\u30ec\u30b9\n\t\t\t<\/p>\n<\/th>\n<td>\n<p><span class=\"wpcf7-form-control-wrap\" data-name=\"your-email\"><input size=\"40\" maxlength=\"400\" class=\"wpcf7-form-control wpcf7-email wpcf7-validates-as-required wpcf7-text wpcf7-validates-as-email\" aria-required=\"true\" aria-invalid=\"false\" placeholder=\"\u4f8b\uff1a\u00d7\u00d7\u00d7@\u00d7\u00d7\u00d7.com\" value=\"\" type=\"email\" name=\"your-email\" \/><\/span>\n\t\t\t<\/p>\n<\/td>\n<\/tr>\n<tr>\n<th>\n<p><span class=\"cf7_unreq\">\u4efb\u610f<\/span> \u984c\u540d\n\t\t\t<\/p>\n<\/th>\n<td>\n<p><span class=\"wpcf7-form-control-wrap\" data-name=\"your-subject\"><input size=\"40\" maxlength=\"400\" class=\"wpcf7-form-control wpcf7-text\" aria-invalid=\"false\" placeholder=\"\u4f8b\uff1aYouTube\u52d5\u753b\u7de8\u96c6\u4f9d\u983c\" value=\"\" type=\"text\" name=\"your-subject\" \/><\/span>\n\t\t\t<\/p>\n<\/td>\n<\/tr>\n<tr>\n<th>\n<p><span class=\"cf7_req\">\u5fc5\u9808<\/span>\u5185\u5bb9\n\t\t\t<\/p>\n<\/th>\n<td class=\"message-100\">\n<p><span class=\"wpcf7-form-control-wrap\" data-name=\"your-message\"><textarea cols=\"40\" rows=\"10\" maxlength=\"2000\" class=\"wpcf7-form-control wpcf7-textarea wpcf7-validates-as-required\" aria-required=\"true\" aria-invalid=\"false\" name=\"your-message\"><\/textarea><\/span>\n\t\t\t<\/p>\n<\/td>\n<\/tr>\n<\/table>\n<p class=\"cf7_btn\"><input class=\"wpcf7-form-control wpcf7-submit has-spinner\" type=\"submit\" value=\"\u9001\u4fe1\u3059\u308b\" \/>\n<\/p>\n<p style=\"display: none !important;\" class=\"akismet-fields-container\" data-prefix=\"_wpcf7_ak_\"><label>&#916;<textarea name=\"_wpcf7_ak_hp_textarea\" cols=\"45\" rows=\"8\" maxlength=\"100\"><\/textarea><\/label><input type=\"hidden\" id=\"ak_js_1\" name=\"_wpcf7_ak_js\" value=\"153\"\/><script>document.getElementById( \"ak_js_1\" ).setAttribute( \"value\", ( new Date() ).getTime() );<\/script><\/p>\n<div class=\"wpcf7-response-output\" aria-hidden=\"true\"><\/div>\n<\/form>\n<\/div>\n","protected":false},"excerpt":{"rendered":"<p>\u304a\u554f\u3044\u5408\u308f\u305b\u306f\u3053\u3061\u3089\u306e\u30d5\u30a9\u30fc\u30e0\u3088\u308a\u53d7\u3051\u4ed8\u3051\u3066\u304a\u308a\u307e\u3059\u3002 \u304a\u6c17\u8efd\u306b\u3054\u9023\u7d61\u304f\u3060\u3055\u3044\u3002<\/p>\n","protected":false},"author":1,"featured_media":0,"parent":0,"menu_order":0,"comment_status":"closed","ping_status":"closed","template":"","meta":{"footnotes":""},"class_list":["post-888","page","type-page","status-publish","hentry"],"_links":{"self":[{"href":"https:\/\/chihiro.blog\/index.php?rest_route=\/wp\/v2\/pages\/888","targetHints":{"allow":["GET"]}}],"collection":[{"href":"https:\/\/chihiro.blog\/index.php?rest_route=\/wp\/v2\/pages"}],"about":[{"href":"https:\/\/chihiro.blog\/index.php?rest_route=\/wp\/v2\/types\/page"}],"author":[{"embeddable":true,"href":"https:\/\/chihiro.blog\/index.php?rest_route=\/wp\/v2\/users\/1"}],"replies":[{"embeddable":true,"href":"https:\/\/chihiro.blog\/index.php?rest_route=%2Fwp%2Fv2%2Fcomments&post=888"}],"version-history":[{"count":3,"href":"https:\/\/chihiro.blog\/index.php?rest_route=\/wp\/v2\/pages\/888\/revisions"}],"predecessor-version":[{"id":968,"href":"https:\/\/chihiro.blog\/index.php?rest_route=\/wp\/v2\/pages\/888\/revisions\/968"}],"wp:attachment":[{"href":"https:\/\/chihiro.blog\/index.php?rest_route=%2Fwp%2Fv2%2Fmedia&parent=888"}],"curies":[{"name":"wp","href":"https:\/\/api.w.org\/{rel}","templated":true}]}}